2424.
136
What is the highest common factor of 432054 and 30988?
254
Calculate the greatest common factor of 12308 and 52890553.
3077
What is the greatest common factor of 4905292 and 773024?
5684
What is the greatest common factor of 87 and 1386867?
87
Calculate the greatest common divisor of 18186014 and 14926.
878
Calculate the highest common factor of 21 and 874350456.
21
Calculate the highest common factor of 12204 and 28151577.
3051
What is the greatest common factor of 107 and 32506065?
107
Calculate the greatest common factor of 3697330 and 21320.
130
What is the greatest common factor of 25 and 176135475?
25
What is the highest common divisor of 47139 and 29808388?
827
What is the highest common divisor of 38380 and 106685?
95
Calculate the greatest common factor of 6257692 and 11732.
28
Calculate the highest common factor of 11650 and 1078790.
2330
Calculate the highest common divisor of 194506308 and 92.
92
Calculate the highest common factor of 819 and 8597498.
91
Calculate the greatest common divisor of 1372265 and 3415.
5
Calculate the greatest common factor of 9495617 and 8936.
1117
What is the highest common factor of 33297364 and 13236?
4412
Calculate the highest common divisor of 33370221 and 134.
67
What is the greatest common divisor of 280057 and 162637?
103
What is the greatest common factor of 96063821 and 119?
119
What is the highest common divisor of 3025 and 4979755?
605
Calculate the highest common factor of 56 and 6117112.
8
Calculate the greatest common factor of 19365 and 325815.
15
Calculate the greatest common factor of 3270117 and 175628.
1909
Calculate the greatest common factor of 6424 and 10122618.
1606
What is the greatest common divisor of 6 and 689282?
2
Calculate the highest common factor of 18358326 and 7938.
1134
Calculate the highest common factor of 24147298 and 4424.
1106
What is the highest common divisor of 12 and 2828822?
2
What is the highest common factor of 14383460 and 40040?
1820
What is the highest common factor of 850 and 13875434?
34
Calculate the highest common factor of 249765723 and 45.
9
Calculate the highest common divisor of 83202 and 383964.
294
Calculate the greatest common factor of 750 and 406750.
250
Calculate the highest common divisor of 56 and 8862882.
14
What is the highest common factor of 2179 and 73356035?
2179
What is the highest common factor of 59510204 and 4712?
2356
What is the highest common factor of 6980996 and 261?
29
Calculate the highest common divisor of 16967 and 349809.
361
Calculate the greatest common factor of 1068488075 and 631.
631
Calculate the greatest common factor of 4443612 and 174.
174
Calculate the greatest common divisor of 95841 and 161.
23
What is the highest common factor of 3879 and 200523?
3
What is the greatest common divisor of 36688925 and 6825?
2275
What is the highest common factor of 3601728 and 4448?
32
What is the highest common factor of 1245571 and 806419?
1307
Calculate the highest common divisor of 579261 and 9669.
879
What is the highest common factor of 4246375 and 805?
805
What is the greatest common divisor of 35976724 and 10836?
1204
What is the highest common factor of 81 and 71989344?
27
Calculate the highest common factor of 134182 and 598.
46
Calculate the highest common factor of 26137 and 39753491.
443
Calculate the greatest common divisor of 4972934 and 8.
2
Calculate the highest common divisor of 5800 and 2201825.
725
Calculate the greatest common factor of 544368 and 15708.
132
What is the highest common divisor of 255 and 92325?
15
What is the highest common divisor of 6 and 155776296?
6
Calculate the greatest common divisor of 13 and 1643394467.
13
Calculate the greatest common factor of 947391038 and 1954.
1954
Calculate the highest common factor of 82527424 and 392.
56
What is the highest common factor of 74 and 85217808?
74
Calculate the highest common divisor of 3672 and 5466537.
153
Calculate the greatest common divisor of 178944369 and 5828.
1457
Calculate the greatest common factor of 4815587 and 7.
7
Calculate the greatest common divisor of 5525 and 50703575.
325
What is the highest common divisor of 134 and 47960342?
134
Calculate the greatest common factor of 48243671 and 3689.
119
Calculate the highest common divisor of 1388 and 37172.
4
Calculate the highest common divisor of 307095 and 47082.
177
Calculate the greatest common factor of 468 and 101018268.
468
What is the greatest common divisor of 2490 and 3828126?
498
Calculate the greatest common factor of 303004562 and 28.
14
What is the highest common factor of 1678666 and 446?
2
What is the greatest common factor of 94257121 and 3262?
1631
Calculate the greatest common factor of 741 and 14839513.
247
Calculate the highest common divisor of 1496748 and 119944.
1276
Calculate the highest common divisor of 822459519 and 63.
63
What is the greatest common divisor of 112692137 and 7419?
2473
What is the greatest common factor of 26293953 and 13335?
2667
What is the highest common factor of 151290 and 24390?
90
What is the highest common divisor of 4528458 and 1287?
99
What is the greatest common divisor of 103431983 and 37?
37
Calculate the highest common divisor of 137870 and 2210.
170
What is the greatest common factor of 417614518 and 2682?
298
What is the highest common factor of 61440 and 5510?
10
Calculate the greatest common divisor of 1253 and 434714567.
1253
What is the greatest common factor of 50192 and 400?
16
Calculate the greatest common divisor of 55566 and 211626.
54
What is the highest common factor of 243535152 and 1008?
336
Calculate the greatest common factor of 48 and 95468080.
16
Calculate the highest common divisor of 16093 and 4469731.
133
Calculate the highest common factor of 5863 and 2511209.
41
Calculate the greatest common divisor of 900 and 4157370.
90
Calculate the highest common factor of 91 and 4038811.
7
Calculate the greatest common divisor of 198510 and 18720.
390
Calculate the greatest common factor of 341 and 5490131.
31
Calculate the greatest common divisor of 2320 and 382133.
29
Calculate the highest common divisor of 159 and 1067977189.
53
Calculate the greatest common divisor of 765 and 9839175.
255
What is the highest common factor of 96 and 684128?
32
What is the highest common divisor of 404858 and 32391?
59
Calculate the greatest common divisor of 53651052 and 7416.
3708
What is the highest common factor of 54948 and 100352400?
2892
What is the highest common divisor of 38 and 60348807?
19
Calculate the highest common divisor of 125946574 and 23322.
7774
What is the highest common divisor of 247996 and 33796?
476
Calculate the highest common divisor of 168 and 24411576.
168
Calculate the greatest common factor of 364 and 99534682.
26
Calculate the highest common divisor of 34590 and 242010.
30
Calculate the highest common factor of 91689235 and 495.
55
Calculate the highest common divisor of 11700 and 438165.
585
What is the greatest common factor of 1617 and 37742793?
33
Calculate the highest common factor of 3886 and 11225716.
134
Calculate the highest common factor of 10932 and 136284.
12
What is the highest common divisor of 5889876 and 215698?
4402
What is the highest common divisor of 387275 and 1925?
175
Calculate the greatest common factor of 14027 and 89401.
169
Calculate the highest common factor of 22765 and 255925.
145
What is the highest common divisor of 93 and 320447?
31
What is the greatest common factor of 850 and 24867875?
25
What is the greatest common divisor of 44133 and 463326?
141
What is the highest common factor of 27944343 and 36?
9
What is the greatest common factor of 86618 and 105777?
161
What is the greatest common divisor of 643 and 63454455?
643
Calculate the highest common divisor of 354500334 and 2484.
1242
What is the greatest common divisor of 13198 and 647170529?
6599
Calculate the greatest common divisor of 3185 and 14469845.
65
Calculate the greatest common divisor of 15 and 4781045.
5
What is the greatest common factor of 26137140 and 35?
5
What is the highest common factor of 280863 and 18216?
99
What is the greatest common divisor of 38083884 and 12?
12
What is the greatest common divisor of 796384 and 51332?
164
Calculate the highest common factor of 18020 a